o, t + t - 150 = 2*o. Is 19 a factor of t?
True
Let h(p) = 2 - p**2 + 0*p + 0 - 5*p. Let i be h(-5). Suppose i*s = 13 + 11. Is s a multiple of 6?
True
Let l(j) = -j**3 + 20. Let r be l(0). Let g be 1008/r - (-6)/10. Suppose 4*o = 9 + g. Is 15 a factor of o?
True
Suppose 0 = c + 11 - 74. Is 9 a factor of c?
True
Suppose 6*c = 8*c. Suppose c*p - 2*p = -6. Suppose d - 57 = 5*k - 5, -2*d = -p*k - 76. Is d a multiple of 10?
False
Suppose -2*u = -4*z - 56, 0 = -9*u + 5*u + 4*z + 124. Let n = u + -14. Is 10 a factor of n?
True
Let w be (-16)/(-6)*(0 - -3). Does 21 divide w/(-36) - 389/(-9)?
False
Let q = -6 + 12. Let b(m) = -1 - q + 4*m + 0 - 4. Is 11 a factor of b(10)?
False
Suppose 3*l - 1496 = -8*l. Is 5 a factor of l?
False
Let m = 274 - -96. Does 37 divide m?
True
Let q(x) = -x**3 + 7*x**2 + 7*x + 6. Let h be q(7). Let a = h + -3. Suppose -2*y + a = 2*s + s, 3*y = -2*s + 73. Does 23 divide y?
True
Suppose 2*x - 69 = 5*g, -g - x - 9 = 2. Let t(q) = q**3 + 14*q**2 + 11*q + 10. Does 18 divide t(g)?
True
Let l = 16 + -11. Suppose -l = -2*y + 1. Is 3 a factor of y?
True
Does 19 divide (-1137)/(-39) - (-10)/(-65)?
False
Let g = 3 - 3. Suppose -u + 2 + g = 0. Suppose 0 = -u*a - 3*a + 70. Does 7 divide a?
True
Suppose 0 = 2*g + 2*g + 4. Does 27 divide (-1 - -2)/(g/(-61))?
False
Let v(u) = -2*u. Suppose 0 = 3*s - 3*t - 30, -2*t - 5 = 3*s + 2*t. Let k be v(s). Is (-196)/(-10) + (-4)/k a multiple of 10?
True
Let i(v) = 3*v**2 + 4*v + 1. Is 14 a factor of i(-5)?
True
Let u(x) = 5*x**2 - 7*x + 8. Let i be 3/2*32/12. Is 15 a factor of u(i)?
True
Let i(f) be the third derivative of f**5/30 + f**4/6 - f**3/2 + f**2. Let m be i(-6). Suppose -24 = -4*c + t, 0*c - 5*c + 5*t = -m. Is 5 a factor of c?
True
Let s(j) = -j - 5. Let o be s(-8). Suppose 2*h + 100 = 5*c - o*h, 76 = 5*c + h. Does 5 divide c?
False
Let q(n) = -15*n + 4. Let d be 8/28 + (-46)/14. Let g be q(d). Let b = g - 28. Does 14 divide b?
False
Let u be (-1)/(-2 - -1)*-17. Does 14 divide (-3)/(-3)*-2*u?
False
Let n(g) = -g**2 + 11*g - 3. Let a be n(11). Let q = a - -9. Is q a multiple of 3?
True
Let w(l) = 2*l**2 - 3*l - 15. Does 5 divide w(5)?
True
Let h(f) = 12*f - 8*f**3 - 3*f**2 + 7*f**3 - 9*f**2 - 11. Is h(-13) even?
True
Let a = 7 - 14. Let q be 2/a - 162/21. Let p(c) = -5*c - 8. Does 11 divide p(q)?
False
Let x be (-16)/(-7) + (-6)/21. Suppose x*d = -0*d + 68. Does 9 divide d?
False
Let c = -62 + 37. Let b be 0 + -2*1 + 58. Let d = b + c. Is d a multiple of 15?
False
Let h(t) = -11*t + 4*t**2 - 3*t**2 + 5 + 7 + 2*t. Does 9 divide h(10)?
False
Let j(y) = 6*y - 6. Let q be j(-7). Let w = 73 + q. Is 10 a factor of w?
False
Suppose 2*y - 3*n = 109, 2*y - 110 = 2*n + 2*n. Let q = 88 - y. Suppose -4*b + q = -9. Is 4 a factor of b?
False
Suppose 2*v = 3*v - 30. Is v a multiple of 15?
True
Let s(g) = 3*g + 8. Is 19 a factor of s(10)?
True
Let g(w) = w**3 + 7*w**2 + 7*w - 8. Let d be g(-6). Let p = d - -53. Suppose 4*t - 187 = -p. Is t a multiple of 13?
False
Let q(f) be the third derivative of f**5/10 - f**4/12 - f**3/6 - f**2. Let k be q(-1). Let j = 11 - k. Is j even?
True
Let r = 148 + -33. Is 23 a factor of r?
True
Suppose 3 = h - 1. Let u be 1 + 33 + (-2)/2. Suppose -h*d = u - 161. Does 11 divide d?
False
Suppose -5*l + 83 = 3*p, 4*p = -l + 3*p + 17. Does 8 divide l?
True
Suppose -57 = -4*s - 9. Let l = 49 - 13. Suppose -s - l = -3*k. Does 8 divide k?
True
Let j be (-10)/3*(-48)/40. Suppose -10 = -2*p - 2*h, p + j*h - 1 = -8. Is p a multiple of 2?
False
Let z(q) = -q**3 - 9*q**2 + q + 11. Let w = 12 + -21. Let x be z(w). Let n = 17 + x. Does 17 divide n?
False
Suppose -150 = -4*k + 154. Does 9 divide k?
False
Suppose 0 = 4*v - 3*h - 6 - 10, 3*v - 3*h = 15. Let t = 25 - v. Is t a multiple of 11?
False
Let k = 73 + -39. Suppose z = -5*t - z + 15, 3*z + 30 = 3*t. Suppose 0 = -5*j + 4*c + 120, -4*j - t*c = -130 + k. Does 12 divide j?
True
Let p(z) = 27*z - 2. Let g be p(-2). Suppose 3*m + 344 = -m. Let s = g - m. Does 15 divide s?
True
Suppose 7*u - 8*u = -4*c + 341, 5*c - 2*u = 430. Is c a multiple of 28?
True
Is 17 a factor of 8/(-20) + (-714)/(-10)?
False
Is 40 a factor of 16/20 - (-2144)/20?
False
Suppose 0*c + 3*k + 15 = -5*c, 4*k + 6 = -2*c. Does 3 divide ((-11)/c*3)/1?
False
Let v(o) = 2*o - 7. Does 6 divide v(7)?
False
Let s(r) = 2*r**2 + 47*r + 24. Is 9 a factor of s(-25)?
True
Let o(n) = -n**3 + 7*n**2 - 7. Let c(p) = -2*p + 2. Let m be c(-2). Is o(m) a multiple of 18?
False
Suppose 0 = 2*m - 96 - 34. Does 15 divide m?
False
Let f = -32 + 53. Is f a multiple of 3?
True
Let j = -1 - -10. Is 6 a factor of j?
False
Does 5 divide (-57)/(-4) + (-36)/(-48)?
True
Let d(i) = -i + 1. Let f be d(-3). Suppose 3*k - 36 = -2*l, -2*l + 5*k - 20 = -56. Suppose 3*b = f*b - l. Does 9 divide b?
True
Suppose 83 = 5*m - 62. Does 20 divide m?
False
Let k = 8 - -39. Is 13 a factor of k?
False
Suppose -7*w = -3*w + 64. Let d = -5 - w. Does 10 divide d?
False
Let n(y) = -y**3 - 9*y**2 - 9*y + 4. Does 6 divide n(-8)?
True
Let y = 22 + -16. Is 4 a factor of y?
False
Suppose 0*n - 2*n + 10 = g, 3*n = -3*g + 15. Does 3 divide n?
False
Suppose 4*w - w = 138. Does 10 divide w?
False
Let r(n) = -28*n**2. Let z be r(1). Let j = z + 46. Is 10 a factor of j?
False
Let q = 6 + 122. Is 32 a factor of q?
True
Suppose -2*a = -1 - 1. Let h(z) = a - 1 + z + 1 - 2. Is h(6) a multiple of 3?
False
Let a = -17 + 25. Is 6 a factor of a?
False
Let n = 1 + -4. Let r = n + 3. Suppose r = -2*i - 4*f, 5*i - f - 3 - 30 = 0. Is i a multiple of 4?
False
Does 3 divide (-2)/(3/34*(-12)/9)?
False
Suppose 11*d - 351 = -65. Is d a multiple of 5?
False
Suppose 0*z = -4*z + 280. Let x = 110 - z. Is x a multiple of 23?
False
Let r(q) = q**3 - 4*q**2 - 5. Let y be r(4). Let d(x) be the second derivative of -x**3/3 - 2*x. Does 5 divide d(y)?
True
Does 17 divide 2/(-1*3/(-51))?
True
Let w be (-6)/((-2 + 1)*2). Suppose 93 = 2*p + g + 2*g, w*p - 2*g - 107 = 0. Is 14 a factor of p?
False
Suppose 2*b - 3*w + 4 = 0, -b + 2*b - w = 0. Suppose -4*r + b*g + 24 = 0, 4*r - 5*g = 2*r + 18. Does 4 divide r?
True
Suppose 4*j - 4 = -2*p + 4, -5*p = 3*j - 6. Let h be 0 + -1*(-1 - p). Let d = 3 - h. Is 2 a factor of d?
True
Suppose 2 = t, -t + 22 = 3*n - 5*n. Let p = n - -14. Suppose -p*g = -9*g + 105. Does 21 divide g?
True
Let j be (-2)/(-11) + (-9)/(-11). Suppose -j = u, 3*a - 226 = -u + 2*u. Does 25 divide a?
True
Let w = -11 - -8. Let y(n) = -5*n**2 - 8*n - 10. Let i(d) = -9*d**2 - 15*d - 19. Let t(l) = 6*i(l) - 11*y(l). Does 7 divide t(w)?
False
Let h(o) = 2*o + 3*o - 3*o + 0*o - 2. Is 3 a factor of h(6)?
False
Let i be (3 + -4)*(-1 - -1). Let n(g) = g**2 - g + 26. Is n(i) a multiple of 12?
False
Is (77/(-11))/(2/(-30)) a multiple of 15?
True
Let s(q) = 0*q**2 + 0*q**2 + 7 + 3*q**2 - q**2 + 11*q. Suppose 0*v + 21 = -3*v. Is s(v) a multiple of 14?
True
Let i = -3 - 20. Let h = 46 + i. Is 9 a factor of h?
False
Let o = 5 - -6. Let v = o + -6. Is 9 a factor of 127/v - (-4)/(-10)?
False
Suppose 5*v + 4*m = 247, -2*v - 12 = -5*m - 91. Does 17 divide v?
False
Suppose 3*c - 144 - 108 = 0. Does 12 divide c?
True
Let n be 3/(5 + -2)*10. Let x = 31 - n. Suppose 0 = -p + x + 11. Does 14 divide p?
False
Let m(v) = 3*v + 4. Let c = -12 + 12. Is 2 a factor of m(c)?
True
Let h(g) = g**2 - 3*g - 1. Let w be h(4). Suppose 2*n = 2, 0 = -w*q + 8*n - 5*n + 18. Is q a multiple of 7?
True
Let r = -198 + 280. Is 11 a factor of r?
False
Does 10 divide 6/(-5)*(-126 + 1)?
True
Let s = 4 - 1. Suppose -3*w = -0*y + s*y - 39, -2*w - 4*y + 28 = 0. Is w a multiple of 8?
False
Suppose p + 15 = 6*p. Is (0 + 3)/(p/26) a multiple of 13?
True
Let q(d) = -d**2 - 13*d - 10. Is 13 a factor of q(-9)?
True
Suppose k - 3*x + 4 = 0, -k - 16 = x - 0. Let j = -6 - k. Is 6 a factor of j?
False
Suppose 0 = -3*o + l + 311, -2*o = -3*o + 3*l + 101. Is o a multiple of 14?
False
Let b be 3/((-2)/(-2)) + 1. Suppose t + 101 = 5*m, -100 = -b*m - 0*m - 4*t. Let n = m - 8. Is 12 a factor of n?
False
Is 7 a factor of (0 + 1)*(96 - (-4 - -2))?
True
Let f be ((-54)/(-8) - 4)*4. Suppose 2*y - 3*v = 95, y + 3*v - 41 = f. Does 14 divide y?
False
Let o(h) = -6 + 2 + 2*h - 5. Is o(6) a multiple of 2?
False
Is 6 a factor of (-6)/(-27) + 572/18?
False
Suppose -6*v = -0*v - 936. Is v a multiple of 14?
False
Let x be 9/(-2) - 